, 337, 4751
What are the prime factors of 3260709672?
2, 3, 11, 53, 4397
What are the prime factors of 51590144?
2, 83, 607
List the prime factors of 231429340.
2, 5, 11571467
What are the prime factors of 3342073969?
13, 257082613
List the prime factors of 686614618.
2, 41, 227, 36887
What are the prime factors of 49492372?
2, 17, 449, 1621
List the prime factors of 2392655697.
3, 265850633
List the prime factors of 92984964.
2, 3, 743, 10429
What are the prime factors of 96553164?
2, 3, 67, 120091
List the prime factors of 2842822381.
7, 181, 2243743
What are the prime factors of 174662042?
2, 87331021
List the prime factors of 149069898.
2, 3, 1093, 7577
What are the prime factors of 6274081?
11, 67, 8513
What are the prime factors of 2384986713?
3, 794995571
What are the prime factors of 727003194?
2, 3, 19, 6377221
List the prime factors of 27216484.
2, 6804121
What are the prime factors of 41669734?
2, 601, 34667
List the prime factors of 538968869.
538968869
What are the prime factors of 49226495?
5, 9845299
What are the prime factors of 976684205?
5, 7, 47, 677, 877
List the prime factors of 2017118191.
11, 929, 197389
What are the prime factors of 2414574690?
2, 3, 5, 11, 7316893
What are the prime factors of 114836137?
13, 113, 78173
List the prime factors of 272095986.
2, 3, 45349331
List the prime factors of 1148283357.
3, 13, 73, 403331
What are the prime factors of 90842778?
2, 3, 13, 23, 16879
List the prime factors of 270200679.
3, 7, 179, 71881
What are the prime factors of 25845350?
2, 5, 516907
List the prime factors of 93729708.
2, 3, 79, 32957
What are the prime factors of 73725195?
3, 5, 4915013
What are the prime factors of 151146590?
2, 5, 7, 2159237
List the prime factors of 2565570575.
5, 102622823
List the prime factors of 1593750338.
2, 151, 1319, 4001
What are the prime factors of 345484617?
3, 79, 1457741
What are the prime factors of 18893298?
2, 3, 3148883
List the prime factors of 78876431.
31, 499, 5099
What are the prime factors of 277126322?
2, 11, 12596651
List the prime factors of 38376966.
2, 3, 1847, 3463
List the prime factors of 1232003182.
2, 353, 463, 3769
List the prime factors of 104779377.
3, 773, 15061
List the prime factors of 146886168.
2, 3, 11, 13, 127, 337
What are the prime factors of 4449354764?
2, 1112338691
List the prime factors of 457187541.
3, 139, 1096373
What are the prime factors of 10295705?
5, 7, 43, 6841
What are the prime factors of 1765504498?
2, 31, 28475879
List the prime factors of 40798978.
2, 11, 283, 6553
What are the prime factors of 69919014?
2, 3, 11, 991, 1069
List the prime factors of 173135494.
2, 7, 97, 127493
What are the prime factors of 3275886?
2, 3, 109, 5009
What are the prime factors of 2295845293?
7, 43, 7627393
What are the prime factors of 36809591?
7, 13, 23, 43, 409
List the prime factors of 33493965.
3, 5, 2232931
List the prime factors of 4452173144.
2, 71, 7838333
List the prime factors of 5917777971.
3, 7, 599, 9601
List the prime factors of 5475125234.
2, 19, 144082243
What are the prime factors of 3439668953?
7, 31, 2593, 6113
What are the prime factors of 4917355452?
2, 3, 15177023
What are the prime factors of 320708269?
7, 45815467
List the prime factors of 445569813.
3, 13, 17, 83, 2699
List the prime factors of 724222224.
2, 3, 11, 107, 4273
List the prime factors of 2532350159.
9601, 263759
List the prime factors of 2602000467.
3, 11, 17, 19, 81371
What are the prime factors of 4593348?
2, 3, 14177
What are the prime factors of 16469267?
16469267
List the prime factors of 2108770563.
3, 37, 199, 95467
What are the prime factors of 354492905?
5, 13, 23, 31, 7649
List the prime factors of 2511102959.
2511102959
List the prime factors of 5462800250.
2, 5, 37, 590573
What are the prime factors of 109605888?
2, 3, 7, 1699
List the prime factors of 1966603178.
2, 23, 131, 326353
What are the prime factors of 194557380?
2, 3, 5, 3242623
List the prime factors of 595590910.
2, 5, 19, 31, 101119
List the prime factors of 2904572508.
2, 3, 4561, 53069
What are the prime factors of 993951910?
2, 5, 7, 1361, 10433
What are the prime factors of 1704428253?
3, 11, 17216447
List the prime factors of 517282.
2, 47, 5503
What are the prime factors of 110649441?
3, 7, 5269021
List the prime factors of 5125550347.
5125550347
What are the prime factors of 5385181935?
3, 5, 7, 23, 2229889
What are the prime factors of 146616952?
2, 18327119
List the prime factors of 12229254.
2, 3, 679403
What are the prime factors of 1756484646?
2, 3, 7, 37, 1130299
What are the prime factors of 57200924?
2, 11, 1300021
What are the prime factors of 3752160853?
7, 29, 79, 233969
List the prime factors of 897095676.
2, 3, 191, 391403
What are the prime factors of 18734448?
2, 3, 607, 643
What are the prime factors of 628054743?
3, 209351581
List the prime factors of 4776395733.
3, 530710637
List the prime factors of 165362408.
2, 29, 71, 10039
List the prime factors of 106619527.
7, 15231361
List the prime factors of 4627011322.
2, 1459, 1585679
List the prime factors of 631709366.
2, 67, 4714249
What are the prime factors of 126088085?
5, 19, 29, 45767
List the prime factors of 31352113.
13, 73, 33037
List the prime factors of 12731691.
3, 7, 17, 19, 1877
What are the prime factors of 1728143809?
7, 41, 193, 4457
What are the prime factors of 223602863?
11, 263, 77291
List the prime factors of 2770751807.
677, 4092691
List the prime factors of 43822716.
2, 3, 7, 31, 16829
What are the prime factors of 2411046566?
2, 3929, 306827
What are the prime factors of 149635143?
3, 7, 131, 18131
List the prime factors of 30283387.
23, 1316669
List the prime factors of 1505907278.
2, 752953639
List the prime factors of 1787142554.
2, 83, 10765919
What are the prime factors of 378520872?
2, 3, 59, 267317
What are the prime factors of 37317495?
3, 5, 2487833
What are the prime factors of 36205668?
2, 3, 127, 7919
List the prime factors of 3929721494.
2, 131, 281, 53377
What are the prime factors of 4129961161?
461, 8958701
List the prime factors of 137279724.
2, 3, 11439977
What are the prime factors of 242796048?
2, 3, 11, 459841
What are the prime factors of 20692314?
2, 3, 31, 47, 263
What are the prime factors of 6248796219?
3, 231436897
List the prime factors of 749366081.
83, 9028507
What are the prime factors of 114271242?
2, 3, 19045207
List the prime factors of 28749537.
3, 3194393
What are the prime factors of 4800943444?
2, 11, 79, 317, 4357
List the prime factors of 1241495372.
2, 13, 659, 36229
List the prime factors of 2041819.
13, 17, 9239
List the prime factors of 1002468377.
1002468377
What are the prime factors of 976030211?
13, 43, 1746029
List the prime factors of 263492393.
23, 11456191
List the prime factors of 53723108.
2, 19, 706883
List the prime factors of 175430561.
127, 179, 7717
List the prime factors of 32121822.
2, 3, 5353637
What are the prime factors of 1379818493?
1379818493
What are the prime factors of 437361135?
3, 5, 29157409
List the prime factors of 4147191318.
2, 3, 23, 30052111
What are the prime factors of 763037629?
763037629
List the prime factors of 50086913.
17, 47, 62687
List the prime factors of 2325347710.
2, 5, 7, 33219253
List the prime factors of 46825824.
2, 3, 487769
What are the prime factors of 130761139?
130761139
List the prime factors of 179121782.
2, 7, 31, 71, 5813
List the prime factors of 4190350.
2, 5, 43, 1949
What are the prime factors of 78859156?
2, 19714789
What are the prime factors of 2101709585?
5, 420341917
List the prime factors of 71250538.
2, 41, 868909
What are the prime factors of 2607675520?
2, 5, 19, 131, 1637
List the prime factors of 1080120076.
2, 7, 38575717
List the prime factors of 290922590.
2, 5, 7, 4156037
What are the prime factors of 81736177?
97, 113, 7457
What are the prime factors of 64010396?
2, 107, 347, 431
What are the prime factors of 454623496?
2, 56827937
List the prime factors of 63467216.
2, 3966701
List the prime factors of 2558540657.
2558540657
What are the prime factors of 928043018?
2, 7, 66288787
List the prime factors of 150012534.
2, 3, 7, 29, 31, 137
What are the prime factors of 1168298877?
3, 487, 799657
What are the prime factors of 181148070?
2, 3, 5, 1187, 5087
List th